 4*m - 4 = 0, m = -2*q + 8 - 2. Suppose 0 = -5*k + q*x - 0*x + 1029, -5*x - 210 = -k. List the prime factors of k.
5, 41
Let g(b) be the first derivative of 8*b**3/3 + 4*b + 6. What are the prime factors of g(2)?
2, 3
Suppose -5*f - 315 = -6*a + 5*a, -a - 3*f + 283 = 0. Let s = -191 + a. List the prime factors of s.
2, 13
Let y(p) = -212*p**3 - 3*p**2 + 2*p + 8. What are the prime factors of y(-2)?
2, 211
Let v(i) = -3*i**3 + 3*i**2 - 6*i + 1. Let l be v(4). Let f = 361 + l. List the prime factors of f.
2, 97
Let t = 8233 - 4328. What are the prime factors of t?
5, 11, 71
Let c be -71 - 4/(1 - 3). Let b = 115 + c. What are the prime factors of b?
2, 23
Let a(n) = n + 8. Let y be a(-11). What are the prime factors of -1 + y + (99 - -5)?
2, 5
Suppose 5*j + 30 = 50. Suppose -5*h + 5*y = -325, j*h + 4*y - 167 = h. List the prime factors of h.
61
Let j(p) = -49*p + 168. List the prime factors of j(-24).
2, 3, 7
Let x(s) = s**2 + 4*s + 2. Let y be x(-4). Suppose y + 0 = -m. Let h = m + 7. List the prime factors of h.
5
Let t be 15/15 + 2*1. Suppose t*r - r = -3*s + 41, 2*r + 5*s - 39 = 0. List the prime factors of r.
2, 11
Let p be 6/(-4) + (4 - (-11)/2). Suppose p*b - 4*b - 268 = 0. What are the prime factors of b?
67
Suppose -5*w + 9*w - 12 = 0. Suppose 466 = -i + w*i. List the prime factors of i.
233
Let x be (5 - -1) + (-11 - -7) + 2. Suppose x*g + 5*b = 883, 5*b + 209 = g - 18. What are the prime factors of g?
2, 3, 37
Let r(d) = d**3 - 7*d**2 + 2*d - 7. Let i be r(7). Let g(l) = -l**3 + 7*l**2 + 9*l - 7. List the prime factors of g(i).
2, 7
Let q(l) be the third derivative of 5*l**2 + 0*l**4 + 0 + 37/6*l**3 + 0*l + 1/60*l**5. List the prime factors of q(0).
37
Let z be 162/(-4)*(-6)/9. Let r = z + 12. Let x = r + -11. List the prime factors of x.
2, 7
Let v be ((-7)/28)/(0 + (-1)/12). Suppose -2*f + f - 55 = -3*p, 5*f + 35 = v*p. List the prime factors of p.
2, 5
Suppose 12*r - 9 = 9*r. Suppose 3*q - x - 137 = 0, x = r*x - 2. Suppose -3*s = o - 35, 4*o - q = -4*s + 14. What are the prime factors of s?
2, 5
Let v(w) = -w**2 - 4*w + 4. Let i be v(-4). Let h be i/(-1)*(-6 - 2). Let l = h + -5. List the prime factors of l.
3
Let g(x) = -2*x - 9. Let l(y) = -y - 9. Let h(w) = -2*g(w) + 3*l(w). Let j be h(10). Let s(r) = 37*r**3 + 2*r**2 - 1. List the prime factors of s(j).
2, 19
Let r(l) be the first derivative of 13*l**3/3 + 15*l**2/2 - 41*l + 53. List the prime factors of r(4).
227
Let o be 18/(-81) - (-4)/18. Suppose o = n - 4*n. Suppose 4*s - 8 = -n*s. List the prime factors of s.
2
Let u = -191 + 458. List the prime factors of u.
3, 89
Let w(m) = -102*m + 760. List the prime factors of w(-34).
2, 7, 151
Suppose 3*g + 2*i + i - 21 = 0, 2*g + 4*i = 22. Suppose 35 = w - 0*w + 3*m, -w + 53 = -g*m. List the prime factors of w.
2, 11
Suppose -47*t = -2*o - 42*t + 3638, t - 7254 = -4*o. List the prime factors of o.
2, 907
Suppose i + 3*m - 101 = 181, 856 = 3*i + 4*m. Let r be (i/(-40))/(3/(-10)). List the prime factors of r/(-10)*50/(-4).
2, 3, 5
Suppose -k + 2*l - 2 = 0, -2*l - l = k - 8. Let d(p) = p**2 - 2*p**2 + 5*p**2 - 2*p**3 - 3*p + 6*p**3 + 1. What are the prime factors of d(k)?
43
Let p(v) = v**2 - 1. Let a(y) = 4*y**2 + 2*y - 3. Let j(w) = a(w) - 2*p(w). Let f be (-114)/42 + 2/(-7). List the prime factors of j(f).
11
Let k = 100 + -98. Suppose 5*c - 298 = -2*q, 0*c + k*c - 128 = -3*q. List the prime factors of c.
2, 29
Suppose -10*z - 6 = -7*z. List the prime factors of (-46)/((-27)/12 - z/8).
23
Let y = 65 - 91. Let h = 14 - y. List the prime factors of h.
2, 5
Let r(w) = w - 28. Let g be r(18). List the prime factors of 5*g*2/(-5).
2, 5
Let g = -8 - -19. Let d = g + -11. Suppose d = -m + 5*m - 84. What are the prime factors of m?
3, 7
Let m(k) = k**2 + 14*k + 14. Let l be m(-13). Suppose -9 = -s + l. Suppose -5 + s = p. List the prime factors of p.
5
Suppose -3*c + n - 10 = 0, -c - c = 2*n + 4. Let z be 189/72 - c/8. Suppose 5*v - 5*o - 180 = 0, -v - z*o = 2*v - 120. List the prime factors of v.
2, 19
Let l(d) = 1 + 3039*d + 4*d**2 - 3039*d. List the prime factors of l(-6).
5, 29
Suppose 0*g - 4*f = -4*g - 4, -3*f = g + 17. Let k be ((-19)/(-1))/(g - -4). Let z = k + 29. List the prime factors of z.
2, 5
Let p(i) = i**2 - 6*i - 7. Let l be p(7). Suppose -h + 5*h - 72 = l. Suppose 24 = 2*d - h. List the prime factors of d.
3, 7
Let j(q) = -q**3 - 5*q**2 - 5*q - 1. Let y be 6/(-21) - (-234)/(-63). What are the prime factors of j(y)?
3
What are the prime factors of 10459/4 - (-10 - 645/(-60))?
2, 1307
Let o(s) = s**3 + 13*s**2 - 6*s - 5. List the prime factors of o(-9).
373
Suppose 0 = -7*k + 4*k + 54. Let p be (4/12)/(2/k). Suppose -5*j + 95 + p = -f, -2*f - 96 = -5*j. What are the prime factors of j?
2, 5
Suppose -t + 227 = -2*t + 3*h, 0 = 3*h. Let i = 462 + t. What are the prime factors of i?
5, 47
Suppose -2*z = 2*z - 8. Let s be 19 + z/(-2) + 0. Suppose 5*f + 0 = i + 22, -i - s = -4*f. List the prime factors of f.
2
Let f = -206 - -755. What are the prime factors of f?
3, 61
Suppose 0 = -5*p + 3*o + 3407, 14*o - 12*o = 2. What are the prime factors of p?
2, 11, 31
Let v = 897 + -299. List the prime factors of v.
2, 13, 23
Let n(g) = 17*g**2 + 39*g + 11. What are the prime factors of n(-13)?
2377
Let y(p) = -p**3 - p**2 + 5*p - 3. Let w be y(3). Let s = 34 + w. List the prime factors of -5*((-82)/s + 3).
2, 13
Let c = 1711 - 1343. List the prime factors of c.
2, 23
Suppose 8*q = 3*q + 1095. What are the prime factors of q?
3, 73
Suppose -q - 3*q = -980. Suppose -3*n = 2*n - q. What are the prime factors of n?
7
Let v = 1373 + -718. List the prime factors of v.
5, 131
Let c = -19 + 25. Suppose -3*d + c*d = 12. What are the prime factors of d?
2
Suppose 0 = -4*u + 12, 4*u - 775 = -2*h + 7*u. What are the prime factors of h?
2, 7
Suppose -4*n + 4*j = -0*j - 256, 0 = -5*j. Suppose -k - 128 = -5*k. Let o = n - k. What are the prime factors of o?
2
Suppose 9*f = -2*f + 5181. What are the prime factors of f?
3, 157
Suppose 2*i = -4*i. Suppose -3*x = 9 - i. List the prime factors of 4/(-6) + (-23)/x.
7
Suppose 4*m = -3*u - 3, 0 = 5*m + 4*u - u + 6. List the prime factors of 109 - m - 0/(-1).
2, 7
Let r(o) be the second derivative of -o**4/12 - 5*o**3/6 + o**2 + 6*o. Let h be r(-5). What are the prime factors of -1*-53*(-1 + h)?
53
Suppose s - 2*m + 59 = -22, -210 = 3*s + 5*m. Let a = s - -200. What are the prime factors of a?
5
Let q = -87 + 89. Suppose -w + 2*w - 4*g - 19 = 0, q*w - 4*g - 26 = 0. What are the prime factors of w?
7
Suppose 2*b - p = 9, 3*b = 5*b + 3*p + 11. Suppose 3*g + 6 + 2 = x, -4*g = -4*x + 40. Suppose -n - x = -b*n. What are the prime factors of n?
11
Let g(c) = -2*c**3 + 4*c**2 - 3*c - 2. Let q be g(3). Let z(o) = 57*o + 1. Let d be z(1). Let b = q + d. What are the prime factors of b?
29
List the prime factors of 1955 - (2/(-7))/(6/(-126)).
1949
Let t be (24/(-36))/(2/(-105)). Let z(n) = 4 + n - 4 - 3*n + t*n**2 + 1. List the prime factors of z(1).
2, 17
Suppose 0 = 3*i - 5*i + 1202. Suppose o - 4*l - 172 = 0, 0 = 3*o - 6*o - 5*l + i. What are the prime factors of o?
2, 3
Suppose -3*s - 49 = -10*s. Suppose 0 = -s*j - 12 + 166. What are the prime factors of j?
2, 11
Let y(z) = 2*z**3 + 2*z - 22 - 14*z**2 - 28*z - 3*z**3 + 6. What are the prime factors of y(-12)?
2
Let q = -25 + -89. List the prime factors of (-2 - 36/(-15))*(1 - q).
2, 23
Let l(q) = q**3 - 2*q**2 - 4*q + 3. Let p be l(3). Let x(c) = 2 + 2 + p*c - c - 2*c. List the prime factors of x(-7).
5
Suppose -3*x + 10 + 8 = 0. Suppose x + 35 = k. List the prime factors of k.
41
Let p = -52 - -57. Suppose -y + 198 = -p*l, 5*y + l - 1357 = -393. What are the prime factors of y?
193
Let i = 17 + -15. Suppose -i*f = 4*f - 18. Suppose 4*p - 36 - 46 = -2*q, -2*p = f*q - 123. What are the prime factors of q?
41
Let p be (-21)/9 - (-7)/21. List the prime factors of 7/((-7)/(-52)) + p.
2, 5
Suppose 61*j = 51*j + 1480. What are the prime factors of j?
2, 37
Let g(o) = -o**2 - 7*o + 11. Let f be g(-8). Suppose 0 = 2*y + 3*k - 40, 6*k + 11 = y + f*k. List the prime factors of y.
17
Let s = -50 + 52. Let r be -1 + 4/(8/42). Suppose -r = -2*v - s*v. What are the prime factors of v?
5
Suppose -3*r + 5 = -3*i - 4, -r + 1 = -3*i. Suppose 5*t = -10, 3*t = -r*d + t + 12. List the